(89 - -152) + -203 + (-128 - -1)?
-89
Evaluate (-7 - 83) + 30 + -44.
-104
Calculate 3 + (5 - (12 + -9 + -4)).
9
Calculate -7 - (-34 + 25 + 10 + 0 + -27).
19
28 + (21 - (-7 + 71)) + 15
0
Calculate 16 - 2 - (-190 + 205).
-1
What is the value of -148 - (-137 - (-35 + -4))?
-50
-38 + 10 + (13 - 6) + -17
-38
-96 + (-5 - (-168 + 95))
-28
-112 + (50 - 36) - (9 + (4 - 8))
-103
What is the value of (65 - 0) + 852 + -816 + 1 + -28?
74
What is (11 - -86) + (11 - (-1 - (-7 + -9)))?
93
Evaluate -294 + 355 + -6 + 15.
70
-17 - (-9 + (21 - 60)) - (-4 + -1 + 2)
34
2 - (34 - 26 - 0)
-6
Evaluate (7 - (17 + -4 + -18)) + 16.
28
What is 12 + (-1 - 43) + 736 + -749?
-45
What is the value of -66 - (45 + 14 + -50)?
-75
Calculate -21 + 19 + -7 + -5 + -49 - 14.
-77
What is the value of (2535 - 2363) + 2 + -109?
65
1 + 0 + -1 + (205 - 186 - (0 + 107))
-88
Evaluate -13 - (1 + (-27 - -26) + -25).
12
What is the value of -8 - (-2 - 15 - (-339 + 324 - (-1 - 16)))?
11
Evaluate -27 + -1 + 2 - (-21 + 10 - 10 - -18).
-23
38 - (46 + -98 + 51)
39
(-142 - 14) + 68 + 60
-28
Evaluate -29 + -1 + (141 + -168 - (-25 + 2)).
-34
What is (-392 - -377 - (-91 + 6)) + (3 - 2) + -3?
68
45 + (-63 - -77) + (-7 + -3 - -2)
51
Evaluate (-42 - (-50 + 49 + (10 - 4))) + 4.
-43
2 + 18 + -39 + 5 - -13
-1
What is the value of -35 - (5 + 9 + -11 + -3 + 8)?
-43
-7 + (2 - 1) - (-8164 + 8126)
32
What is the value of -110 + (13 - -108) + (112 - (3 + -6))?
126
Calculate (19 - (-4 + 6 + -1)) + -1.
17
Evaluate (9 - -18) + -22 - (56 + (0 - -2)).
-53
What is the value of (-23 - -54 - 35) + (2 - 1 - 6) + -50?
-59
(2 + 15 - (-18 - -4)) + -95
-64
9 - (1 - (4 - 95)) - (10 + 15 + -23)
-85
68 - 14 - (179 + -98)
-27
Evaluate 9 + 0 + (22 - -1 - (16 - (10 + 16))).
42
11 - ((-19 - -36) + -18 - 25)
37
39 + -68 + 31 - -17
19
What is the value of -18 + -122 + 118 + 1 + 6?
-15
Calculate (-58 - -1) + (-28 - (-16 + -25)) + 12.
-32
What is 9137 - 9188 - (1 + -28 - 3)?
-21
-16 - -24 - (-121 - -154)
-25
What is (-230 - -252 - (2 + 21)) + 1 + -35?
-35
-4 + (32 - 21) - (-100 + (-2 - 3))
112
Calculate -10 + 8 + -13 + 17 + 2 + -4 + 87.
87
Evaluate (-12 - (9 + 10 + 84)) + 5 + -1 - -4.
-107
Evaluate 21 + (9 - 21) + (-9 - -11) + -6 + -52.
-47
Calculate (63 + (5 - 72) - -63) + 0 + -1 + 8.
66
What is (50 - 1) + -32 - (-12 - -1)?
28
Evaluate -75 + (-47 - -54) + (-1 - -21).
-48
Evaluate -3 + -1 - (-35 + 15 + -4 + 3 - 71).
88
What is 7 - (-7 - (3 - (67 + -76 + (-1 - -13))))?
14
Calculate -1 - (2 + -6) - 73 - (17 + -4 + -9).
-74
3 + (7 + 9 + -26 - -12) + 8
13
What is (35 - (-3 + -15 + 3) - (-17 + 4)) + 14?
77
What is the value of 42 + (-23 - -43 - 22)?
40
What is -36 - (7 - (3 + (-8 + 11 - (-4 + -2))))?
-31
What is 125 - ((-28 - -14 - 5) + -9 + 37)?
116
Evaluate 1 - (4 - 7) - 48.
-44
What is the value of 0 - -3 - (1 + 16 + 0 + (-17 - -2))?
1
-7 + (-2 - (8 + 1 + (0 - 67))) + -11
38
What is the value of -86 + (119 - (-89 + 156))?
-34
What is -1705 + 1681 - (8 + 2)?
-34
Calculate 13 - (-6 + -104 + 120 + 69 + -4).
-62
Evaluate (130 - 109 - 14 - (0 - 6)) + -11.
2
Evaluate 6 + (-16 - -15) + (-3 - -1) - (-4 + 53).
-46
What is the value of 2518 + -2527 + (-21 - 0)?
-30
What is the value of (-18 - 0) + 38 + -35 - 25?
-40
What is the value of -5 + 58 - (-197 - -290)?
-40
Evaluate -8 - 41 - (-46 - (-7 - 40)).
-50
Evaluate 53 + -89 + (65 - 22).
7
Evaluate -12 - -1 - (-53 - -73 - 41).
10
Calculate 188 - (-19 + (-1 - -75)).
133
What is the value of -11 + (-9 + -1 + 58 - 4)?
33
What is the value of -11 + (15 + -1 - (3 + -29))?
29
Calculate -141 - (136 + -346 - -20).
49
Calculate 52 + -17 + -54 - -15.
-4
Calculate 38 - (10 - (1 + -6 + 16 - (-7 - -4))).
42
(-8 - (-10 + 15)) + 3 + 8
-2
What is -8 + 247 + -225 + -9 + 2 + 8?
15
Evaluate -193 - -155 - (0 + 6 + (13 - 11 - 5)).
-41
Evaluate 78 - (-7 - -42) - 25.
18
Calculate 37 - (0 + 0 + -25 + 13 + 0).
49
95 + -136 + 62 + -56 + -1
-36
What is (-29 - -17 - -18 - (10 - 0)) + -17?
-21
Evaluate -75 + -49 + 39 + 84.
-1
What is the value of -1 + 2 + -9 + (66 + 41 - 99) + 23?
23
7 + (12 - (-7 - -66)) + -2 + 3
-39
What is -13 + (-45 - -68) + 21 + -2?
29
What is -13 - -9 - -92 - (-13 + -10 + 1 + 30)?
80
What is 3 + 2 - (40 - ((-4 - 9) + 6 - -7))?
-35
Calculate 0 - (1 - -10 - (-116 - -2)) - (-1 + -12).
-112
Evaluate (136 - -133) + -252 - (15 + 1).
1
18 - (10 - 4) - 13 - 17
-18
What is 20 + -29 + -4 + (0 - 3 - -50)?
34
What is the value of 16 - (2 + 4 - (-14 - 6 - -13 - -3))?
6
What is the value of -57 - (93 + -100 + 19 - (0 + 1 - -16))?
-52
Evaluate 54 + (201 + -142 - 124).
-11
What is 30 + (0 - -1) + 16?
47
What is 1 - 1 - (65 - 10 - 64)?
9
Calculate (-1001 - -1022) + (0 + -4 + 0 - 1).
16
Evaluate 38 + -8 + (-17 - -4 - -8) + -6.
19
Evaluate -5 - (-6 - (14 - 13 - 2)).
0
Evaluate -23 + (26 - (-75 + 25 - -25)).
28
-47 + -16 + -39 + 111
9
39 + (89 - 156 - -32)
4
What is 61 + (22 - (4 - -2 - (89 + -88)))?
78
Evaluate (-30 - (-19 - -16)) + 56 - 49.
-20
What is the value of (-123 - -234 - 52) + -173?
-114
What is the value of (2 - -3) + (-1758 - -1834)?
81
Calculate (-2 - -41) + (-20 - 60) + 88.
47
What is the value of 0 - -26 - (-88 - 100 - -157)?
57
What is the value of (-75 + 90 - (3 - 74)) + -1 - (0 + 3)?
82
Calculate -84 + -1 - (-84 - -16).
-17
What is 0 - 3 - 0 - (51 - (48 + 4)) - 13?
-15
-80 + (1 - 10 - (-50 - -9) - 16)
-64
What is the value of 454 - 335 - (32 + 10 - 11)?
88
-4 + (12 - (-2 + 72) - (-2 - 6))
-54
What is 3 + 40 + 1 + (-111 - -114 - (12 - 1))?
36
Calculate 7 + 20 + 7 + 2 + -12.
24
Evaluate 6 + 18 + -26 + 28 + 38.
64
What is 113 - 2 - (1 + 2 + -1 + -7)?
116
What is the value of -18 - -2 - -3 - (-614 + 575)?
26
Calculate (38 - (17 - 10 - 9)) + (4 - -15).
59
What is the value of 71 + -26 + -33 + (0 - 4) + -12?
-4
What is the value of (-16 + -5 - (-49 + 9)) + -4?
15
Calculate -200 - (-141 + 8 + 77).
-144
Calculate -13 + (-2 - 3 - (11 + -20)) - -33.
24
What is the value of -4 + (-24 - -32) - (17 + -47)?
34
Calculate -148 + 138 - (0 + 3 + -28).
15
What is 33 + (8 - -31) + -52?
20
What is the value of 16 + -11 + -51 + -6 - (-17 - -4)?
-39
Calculate 12 - 14 - (5 - 13) - -20.
26
Calculate -11 + (-1 - -2) - (2938 - 2929).
-19
7 + 23 + -16 + 3 + -1 + (51 - 0)
67
What is the value of -7 - (-15 - -15) - (-5 + -43)?
41
Calculate 1695 + -1827 + 2 + 73.
-57
What is 70 - (47 + -17) - -1?
41
(-43 - -34) + (11 - -2 - 14)
-10
Evaluate -10 + (-7 - 0) + 30 - -6 - 6.
13
Evaluate (83 - 17) + -23 + (8 + -2 - 13).
36
Evaluate (-22 - (-3 - -2)) + -20 + 55.
14
12 + -45 - (-19 - -7) - (5 + 7)
-33
-47 + 17 + (-18 - -4)
-44
-1 + -1 - (-63 + -12 + (-13 - -16 - -10))
60
Evaluate 8 - (-56 - (-14 - -35 - 32)).
53
What is 4 - (133 + -113 + -3 + -64 - -1)?
50
What is the value of 50 + (-85 - (-74 + 30))?
9
What is 38 + -2 - (-7 - (-7 - (21 - 19)))?
34
What is the value of 3 + 1 - -47 - (156 + -77 - 88)?
60
-8 + (-11 - (17 + -7 - (-15 + 32)))
-12
What is the value of (-7 - 2) + 250 + -178?
63
Evaluate (22 + -83 - -41) + -31.
-51
What is -9 - (-6 + (-31 - -6))?
22
What is the value of 3 - (11 + 0 - 1 - (-1909 + 1915)) - -54?
53
-1937 + 1794 + (3 - -59)
-81
What is 35 + -36 + -2 + (1 + -1 + 1 - -4)?
2
Calculate -67 - (-23 + 3 + -17 + 22).
-52
What is -1 + (29 - (17 - (-13 + 10))) - 107?
-99
Calculate 6 - (-15 + (12 - -2 - 3 - (-80 - -87))).
17
What is the value of 12 + 1 + -19 + -5 + (1 - 4 - -3)?
-11
28 - ((2 - 44) + (-145 - -137))
78
Calculate (-19 - (-33 - -29)) + 12 + 1 + 44.
42
Calculate (104 - 1) + (-3 - -20 - (31 - -18 - 47)).
118
Evaluate -7 - 5 - ((-12 - 0 - -14) + 100 + -1).
-113
Calculate -19 + (34 - 24) + -1 + 67 + (-6 - 6).
45
What is the value of 2 + 8 - (21 + -45 + 31) - (4 + -10)?
9
What is 86 - 3 - (381 + -337)?
39
-188 + 48 + (97 - -9)
-34
Evaluate (55 - (8 - -3)) + -5 + -1 + 4.
42
What is -38 - (-72 - -17 - -29)?
-12
What is (-4 - 12) + (31 - 32) + -9 - 7?
-33
Calculate -3 - (-4 + -2) - (75 + (12 + -38 - -16)).
-62
What is the value of 3 + (-62 + (5 + 2 - -2) - -10 - 3)?
-43
15 + (-6 - -3) + -53 + -8 + 6
-43
Calculate -107 - (3 + -64) - -51.
5
Calculate (-141 - -154 - 55) + 6.
-36
Evaluate (88 - 73) + -32 + 2 - 3.
-18
What is the value of 0 + 2 - (124 + -84 - -20)?
-58
What is -11396 + 11303 - (13 - 0)?
-106
3 - -81 - (-303 + 356)
31
What is the value of -48 + (88 - -6) + -26 - (1 + 26)?
-7
What is (-32 + 148 - 83) + 0 + -10 + 